{"id":158,"date":"2023-11-09T11:26:22","date_gmt":"2023-11-09T10:26:22","guid":{"rendered":"https:\/\/www.mbx-if.de\/home\/?page_id=158"},"modified":"2024-09-26T15:36:50","modified_gmt":"2024-09-26T13:36:50","slug":"bienvenue","status":"publish","type":"page","link":"https:\/\/www.mbx-if.org\/home\/fr\/bienvenue\/","title":{"rendered":"Bienvenue sur le MBx Interoperability Forum"},"content":{"rendered":"\n<p>Le Forum d&#8217;Interoperabilit\u00e9 MBx-IF est un effort de test conjoint entre l&#8217;<a href=\"https:\/\/www.afnet.fr\/\" target=\"_blank\" rel=\"noreferrer noopener\">AFNeT<\/a>, <a href=\"https:\/\/pdesinc.org\/\" target=\"_blank\" rel=\"noreferrer noopener\">PDES, Inc.<\/a> et <a href=\"https:\/\/www.prostep.org\/\" target=\"_blank\" rel=\"noreferrer noopener\">prostep ivip<\/a>. Son objectif est d\u2019acc\u00e9l\u00e9rer le d\u00e9veloppement des convertisseurs de donn\u00e9es pour la Conception Assist\u00e9e par Ordinateur (CAO) tout en s\u2019assurant que les besoins des utilisateurs sont satisfaits. Gr\u00e2ce \u00e0 la mutualisation des ressources des associations AFNeT, PDES Inc., et prostep ivip dans ces domaines, le MBx-IF coordonne r\u00e9guli\u00e8rement des sessions de tests dans les domaines de la CAO et de la Simulation Num\u00e9rique.<\/p>\n\n\n\n<p><strong>Les objectifs du Forum d&#8217;Interoperabilit\u00e9 MBx sont de :<\/strong><\/p>\n\n\n\n<ul class=\"wp-block-list\">\n<li>V\u00e9rifier la bonne impl\u00e9mentation des fonctionnalit\u00e9s STEP pour les besoins actuels des utilisateurs.<\/li>\n\n\n\n<li>Identifier les fonctionnalit\u00e9s n\u00e9cessaires pour les besoins futurs.<\/li>\n\n\n\n<li>Valider les solutions alternatives lorsque des points durs sont identifi\u00e9s.<\/li>\n\n\n\n<li>Accro\u00eetre la confiance des utilisateurs gr\u00e2ce aux tests d\u2019interop\u00e9rabilit\u00e9 pour les Outils et Protocole d\u2019Application (AP),<\/li>\n\n\n\n<li>S\u2019assurer que de nouvelles fonctionnalit\u00e9s n\u2019ont pas d\u2019impact n\u00e9gatif sur les fonctionnalit\u00e9s existantes<del> <\/del>.<\/li>\n<\/ul>\n\n\n\n<p>Le Forum d\u2019Interop\u00e9rabilit\u00e9 MBx-IF contribue \u00e0 am\u00e9liorer significativement la qualit\u00e9 des convertisseurs de donn\u00e9es STEP et \u00e0 r\u00e9duire le d\u00e9lai de leur mise \u00e0 disposition des utilisateurs.<\/p>\n","protected":false},"excerpt":{"rendered":"<p>Le Forum d&#8217;Interoperabilit\u00e9 MBx-IF est un effort de test conjoint entre l&#8217;AFNeT, PDES, Inc. et prostep ivip. Son objectif est d\u2019acc\u00e9l\u00e9rer le d\u00e9veloppement des convertisseurs de donn\u00e9es pour la Conception Assist\u00e9e par Ordinateur (CAO) tout en s\u2019assurant que les besoins des utilisateurs sont satisfaits. Gr\u00e2ce \u00e0 la mutualisation des ressources des associations AFNeT, PDES Inc., et prostep ivip dans ces domaines, le MBx-IF coordonne r\u00e9guli\u00e8rement des sessions de tests dans les domaines de la CAO et de la Simulation Num\u00e9rique. Les objectifs du Forum d&#8217;Interoperabilit\u00e9 MBx sont de : Le Forum d\u2019Interop\u00e9rabilit\u00e9 MBx-IF contribue \u00e0 am\u00e9liorer significativement la qualit\u00e9 des convertisseurs de donn\u00e9es STEP et \u00e0 r\u00e9duire le d\u00e9lai de leur mise \u00e0 disposition des utilisateurs.<\/p>\n","protected":false},"author":1,"featured_media":0,"parent":0,"menu_order":13,"comment_status":"closed","ping_status":"closed","template":"","meta":{"_acf_changed":false,"footnotes":""},"class_list":["post-158","page","type-page","status-publish","hentry"],"acf":[],"_links":{"self":[{"href":"https:\/\/www.mbx-if.org\/home\/wp-json\/wp\/v2\/pages\/158","targetHints":{"allow":["GET"]}}],"collection":[{"href":"https:\/\/www.mbx-if.org\/home\/wp-json\/wp\/v2\/pages"}],"about":[{"href":"https:\/\/www.mbx-if.org\/home\/wp-json\/wp\/v2\/types\/page"}],"author":[{"embeddable":true,"href":"https:\/\/www.mbx-if.org\/home\/wp-json\/wp\/v2\/users\/1"}],"replies":[{"embeddable":true,"href":"https:\/\/www.mbx-if.org\/home\/wp-json\/wp\/v2\/comments?post=158"}],"version-history":[{"count":1,"href":"https:\/\/www.mbx-if.org\/home\/wp-json\/wp\/v2\/pages\/158\/revisions"}],"predecessor-version":[{"id":1158,"href":"https:\/\/www.mbx-if.org\/home\/wp-json\/wp\/v2\/pages\/158\/revisions\/1158"}],"wp:attachment":[{"href":"https:\/\/www.mbx-if.org\/home\/wp-json\/wp\/v2\/media?parent=158"}],"curies":[{"name":"wp","href":"https:\/\/api.w.org\/{rel}","templated":true}]}}