{"id":1058,"date":"2024-08-27T15:06:25","date_gmt":"2024-08-27T13:06:25","guid":{"rendered":"https:\/\/www.mbx-if.org\/home\/?page_id=1058"},"modified":"2024-09-13T16:34:05","modified_gmt":"2024-09-13T14:34:05","slug":"pourquoi","status":"publish","type":"page","link":"https:\/\/www.mbx-if.org\/home\/fr\/mbx-if\/pourquoi\/","title":{"rendered":"Pourquoi adh\u00e9rer ?"},"content":{"rendered":"\n<h3 class=\"wp-block-heading\" id=\"industrie\"><strong>Avantages pour l&#8217;industrie utilisatrice<\/strong><\/h3>\n\n\n\n<ul class=\"wp-block-list\">\n<li>Partager des exigences, des id\u00e9es et des questions communes.<\/li>\n\n\n\n<li>Hi\u00e9rarchiser les sujets au niveau de l&#8217;industrie.<\/li>\n\n\n\n<li>Remettre en question les conceptions avec d&#8217;autres points de vue.<\/li>\n\n\n\n<li>Retour d&#8217;information pr\u00e9coce sur les exigences de la part des r\u00e9alisateurs de logiciels et des concepteurs de normes.<\/li>\n\n\n\n<li>Stabilit\u00e9 des nouvelles approches.<\/li>\n\n\n\n<li>Interaction directe avec les \u00e9quipes de normalisation afin d&#8217;assurer une int\u00e9gration harmonieuse des nouvelles capacit\u00e9s dans le champ d&#8217;application existant.<\/li>\n<\/ul>\n\n\n\n<h3 class=\"wp-block-heading\" id=\"fournisseurs\"><strong>Avantages pour les fournisseurs de logiciels<\/strong><\/h3>\n\n\n\n<ul class=\"wp-block-list\">\n<li>Tests dans un environnement ferm\u00e9 et fiable, soutenu par un accord de non-divulgation (NDA).<\/li>\n\n\n\n<li>Un retour d&#8217;information pr\u00e9coce sur les probl\u00e8mes rencontr\u00e9s permet d&#8217;acc\u00e9l\u00e9rer les cycles de d\u00e9veloppement.<\/li>\n\n\n\n<li>Le b\u00eata-test avec d&#8217;autres syst\u00e8mes am\u00e9liore l&#8217;interop\u00e9rabilit\u00e9 et la robustesse du produit avant m\u00eame sa mise en production.<\/li>\n\n\n\n<li>Les exigences des utilisateurs peuvent \u00eatre discut\u00e9es et des approches communes de mise en \u0153uvre peuvent \u00eatre convenues.<\/li>\n\n\n\n<li>Interaction directe avec les \u00e9quipes de normalisation pour s&#8217;assurer que les nouvelles capacit\u00e9s sont d\u00e9finies de mani\u00e8re \u00e0 pouvoir \u00eatre facilement mises en \u0153uvre sur toutes les plates-formes.<\/li>\n<\/ul>\n\n\n<div class=\"wp-block-image\">\n<figure class=\"aligncenter is-resized\"><a href=\"https:\/\/www.mbx-if.org\/home\/wp-content\/uploads\/2023\/11\/if_triangle.png\"><img loading=\"lazy\" decoding=\"async\" width=\"2177\" height=\"1419\" src=\"https:\/\/www.mbx-if.org\/home\/wp-content\/uploads\/2023\/11\/if_triangle.png\" alt=\"\" class=\"wp-image-554\" style=\"width:600px\" srcset=\"https:\/\/www.mbx-if.org\/home\/wp-content\/uploads\/2023\/11\/if_triangle.png 2177w, https:\/\/www.mbx-if.org\/home\/wp-content\/uploads\/2023\/11\/if_triangle-600x391.png 600w, https:\/\/www.mbx-if.org\/home\/wp-content\/uploads\/2023\/11\/if_triangle-1024x667.png 1024w, https:\/\/www.mbx-if.org\/home\/wp-content\/uploads\/2023\/11\/if_triangle-768x501.png 768w, https:\/\/www.mbx-if.org\/home\/wp-content\/uploads\/2023\/11\/if_triangle-1536x1001.png 1536w, https:\/\/www.mbx-if.org\/home\/wp-content\/uploads\/2023\/11\/if_triangle-2048x1335.png 2048w, https:\/\/www.mbx-if.org\/home\/wp-content\/uploads\/2023\/11\/if_triangle-1140x743.png 1140w\" sizes=\"auto, (max-width: 2177px) 100vw, 2177px\" \/><\/a><\/figure>\n<\/div>\n\n\n<h3 class=\"wp-block-heading\" id=\"comment\"><strong>Comment adh\u00e9rer<\/strong><\/h3>\n\n\n\n<ul class=\"wp-block-list\">\n<li>En tant qu&#8217;utilisateur industriel, vous avez des processus en place dans l&#8217;un des domaines MBx bas\u00e9s sur STEP, principalement AP242. Cela inclut les processus internes ainsi que l&#8217;int\u00e9gration client\/fournisseur.<\/li>\n\n\n\n<li>En tant que fournisseur de solutions, d\u00e9velopper ou proposer un traducteur ou une application prenant en charge soit les fichiers physiques STEP AP242 (\u00ab Part 21 files \u00bb), soit les fichiers XML du mod\u00e8le de domaine STEP AP242, soit les deux.<\/li>\n\n\n\n<li>\u00catre membre de l&#8217;<a href=\"https:\/\/www.afnet.fr\/\" target=\"_blank\" rel=\"noreferrer noopener\">AFNeT<\/a>, de <a href=\"https:\/\/pdesinc.org\/\" target=\"_blank\" rel=\"noreferrer noopener\">PDES, Inc.<\/a> ou de <a href=\"https:\/\/www.prostep.org\/en\/\" target=\"_blank\" rel=\"noreferrer noopener\">prostep ivip<\/a>.<\/li>\n\n\n\n<li>Collaborer activement\n<ul class=\"wp-block-list\">\n<li><span style=\"color: initial;\">aux essais d&#8217;interop\u00e9rabilit\u00e9 STEP en tant que fournisseur de solutions,<\/span><\/li>\n\n\n\n<li><span style=\"color: initial;\">\u00e0 la discussion des capacit\u00e9s et \u00e0 l&#8217;\u00e9laboration de sc\u00e9narios d&#8217;utilisation en tant que repr\u00e9sentant de l&#8217;industrie.<\/span><\/li>\n<\/ul>\n<\/li>\n\n\n\n<li>Participer \u00e0 des conf\u00e9rences t\u00e9l\u00e9phoniques r\u00e9guli\u00e8res (1 \u00e0 2 par mois).<\/li>\n\n\n\n<li>Rejoindre l&#8217;\u00e9quipe lors d&#8217;ateliers trimestriels (2 en ligne ; 2 en face \u00e0 face).<\/li>\n<\/ul>\n","protected":false},"excerpt":{"rendered":"<p>Avantages pour l&#8217;industrie utilisatrice Avantages pour les fournisseurs de logiciels Comment adh\u00e9rer<\/p>\n","protected":false},"author":1,"featured_media":0,"parent":642,"menu_order":2,"comment_status":"closed","ping_status":"closed","template":"","meta":{"_acf_changed":false,"footnotes":""},"class_list":["post-1058","page","type-page","status-publish","hentry"],"acf":[],"_links":{"self":[{"href":"https:\/\/www.mbx-if.org\/home\/wp-json\/wp\/v2\/pages\/1058","targetHints":{"allow":["GET"]}}],"collection":[{"href":"https:\/\/www.mbx-if.org\/home\/wp-json\/wp\/v2\/pages"}],"about":[{"href":"https:\/\/www.mbx-if.org\/home\/wp-json\/wp\/v2\/types\/page"}],"author":[{"embeddable":true,"href":"https:\/\/www.mbx-if.org\/home\/wp-json\/wp\/v2\/users\/1"}],"replies":[{"embeddable":true,"href":"https:\/\/www.mbx-if.org\/home\/wp-json\/wp\/v2\/comments?post=1058"}],"version-history":[{"count":2,"href":"https:\/\/www.mbx-if.org\/home\/wp-json\/wp\/v2\/pages\/1058\/revisions"}],"predecessor-version":[{"id":1113,"href":"https:\/\/www.mbx-if.org\/home\/wp-json\/wp\/v2\/pages\/1058\/revisions\/1113"}],"up":[{"embeddable":true,"href":"https:\/\/www.mbx-if.org\/home\/wp-json\/wp\/v2\/pages\/642"}],"wp:attachment":[{"href":"https:\/\/www.mbx-if.org\/home\/wp-json\/wp\/v2\/media?parent=1058"}],"curies":[{"name":"wp","href":"https:\/\/api.w.org\/{rel}","templated":true}]}}