{"id":1023,"date":"2024-08-27T14:12:06","date_gmt":"2024-08-27T12:12:06","guid":{"rendered":"https:\/\/www.mbx-if.org\/home\/?page_id=1023"},"modified":"2025-07-29T10:54:27","modified_gmt":"2025-07-29T08:54:27","slug":"utilisateurs","status":"publish","type":"page","link":"https:\/\/www.mbx-if.org\/home\/fr\/caxif\/utilisateurs\/","title":{"rendered":"Groupe d&#8217;Utilisateurs du CAx-IF"},"content":{"rendered":"\n<p>Le groupe d&#8217;utilisateurs CAx-IF est compos\u00e9 de repr\u00e9sentants de l&#8217;industrie qui ont des exigences en mati\u00e8re d&#8217;interop\u00e9rabilit\u00e9 CAx et qui souhaitent acc\u00e9l\u00e9rer le d\u00e9veloppement, la qualit\u00e9 et la disponibilit\u00e9 des traducteurs STEP AP242.<\/p>\n\n\n\n<p>Le groupe d&#8217;utilisateurs est en charg\u00e9 :<\/p>\n\n\n\n<ul class=\"wp-block-list\">\n<li>des exigences m\u00e9tiers et cas d&#8217;utilisation: description des besoins des utilisateurs. Pour la collaboration avec le groupe de mise en \u0153uvre, les besoins des utilisateurs sont d\u00e9compos\u00e9s en \u00e9l\u00e9ments de backlog selon le model d\u2019exigence SAFe-<\/li>\n\n\n\n<li>de fournir des cas de tests,<\/li>\n\n\n\n<li>de proposer de pratiques recommand\u00e9es,<\/li>\n\n\n\n<li>des exigences de validation,<\/li>\n\n\n\n<li>des consignes d&#8217;utilisation des solutions d&#8217;interop\u00e9rabilit\u00e9.<\/li>\n<\/ul>\n\n\n\n<h3 class=\"wp-block-heading\">Soci\u00e9t\u00e9s membres<\/h3>\n\n\n\n<ul class=\"wp-block-list\">\n<li><a href=\"https:\/\/www.airbus.com\/\" target=\"_blank\" rel=\"noreferrer noopener\">Airbus<\/a><\/li>\n\n\n\n<li><a href=\"http:\/\/www.boeing.com\/\" target=\"_blank\" rel=\"noreferrer noopener\">The Boeing Company<\/a><\/li>\n\n\n\n<li><a href=\"https:\/\/www.bosch.com\/\" target=\"_blank\" rel=\"noreferrer noopener\">Bosch<\/a><\/li>\n\n\n\n<li><a href=\"https:\/\/www.daher.com\/en\/home\/\" target=\"_blank\" rel=\"noreferrer noopener\">DAHER<\/a><\/li>\n\n\n\n<li><a href=\"https:\/\/www.ge.com\/\" target=\"_blank\" rel=\"noreferrer noopener\">GE<\/a><\/li>\n\n\n\n<li><a href=\"https:\/\/www.gulfstream.com\/\" target=\"_blank\" rel=\"noreferrer noopener\">Gulfstream<\/a><\/li>\n\n\n\n<li><a href=\"https:\/\/www.lockheedmartin.com\/en-us\/index.html\" target=\"_blank\" rel=\"noreferrer noopener\">Lockheed Martin Aerospace<\/a><\/li>\n\n\n\n<li><a href=\"https:\/\/www.mbda-systems.com\/\" target=\"_blank\" rel=\"noreferrer noopener\">MBDA<\/a><\/li>\n\n\n\n<li><a href=\"https:\/\/www.mtu.de\/?fc=1\" target=\"_blank\" rel=\"noreferrer noopener\">MTU<\/a><\/li>\n\n\n\n<li><a href=\"https:\/\/www.prattwhitney.com\/\" target=\"_blank\" rel=\"noreferrer noopener\">Pratt &amp; Whitney Canada<\/a><\/li>\n\n\n\n<li><a href=\"https:\/\/www.safran-group.com\/\" target=\"_blank\" rel=\"noreferrer noopener\">SAFRAN<\/a><\/li>\n\n\n\n<li><a href=\"https:\/\/www.schaeffler.de\/en\/\" target=\"_blank\" rel=\"noreferrer noopener\">Schaeffler<\/a><\/li>\n<\/ul>\n\n\n\n<h3 class=\"wp-block-heading\">Coordinateurs<\/h3>\n\n\n\n<p>Pour entrer en contact avec la communaut\u00e9, veuillez contacter :<\/p>\n\n\n\n<ul class=\"wp-block-list\">\n<li>Pierre Duchier, Airbus \u2013&nbsp;<a href=\"mailto:pierre.p.duchier@airbus.com\">pierre(dot)p(dot)duchier(at)airbus(dot)com<\/a><\/li>\n\n\n\n<li>Ian Parent, Pratt &amp; Whitney Canada \u2013&nbsp;<a href=\"mailto:ian.parent@pwc.ca\">ian(dot)parent(at)pwc(dot)ca<\/a><\/li>\n<\/ul>\n","protected":false},"excerpt":{"rendered":"<p>Le groupe d&#8217;utilisateurs CAx-IF est compos\u00e9 de repr\u00e9sentants de l&#8217;industrie qui ont des exigences en mati\u00e8re d&#8217;interop\u00e9rabilit\u00e9 CAx et qui souhaitent acc\u00e9l\u00e9rer le d\u00e9veloppement, la qualit\u00e9 et la disponibilit\u00e9 des traducteurs STEP AP242. Le groupe d&#8217;utilisateurs est en charg\u00e9 : Soci\u00e9t\u00e9s membres Coordinateurs Pour entrer en contact avec la communaut\u00e9, veuillez contacter :<\/p>\n","protected":false},"author":1,"featured_media":0,"parent":1017,"menu_order":1,"comment_status":"closed","ping_status":"closed","template":"","meta":{"_acf_changed":false,"footnotes":""},"class_list":["post-1023","page","type-page","status-publish","hentry"],"acf":[],"_links":{"self":[{"href":"https:\/\/www.mbx-if.org\/home\/wp-json\/wp\/v2\/pages\/1023","targetHints":{"allow":["GET"]}}],"collection":[{"href":"https:\/\/www.mbx-if.org\/home\/wp-json\/wp\/v2\/pages"}],"about":[{"href":"https:\/\/www.mbx-if.org\/home\/wp-json\/wp\/v2\/types\/page"}],"author":[{"embeddable":true,"href":"https:\/\/www.mbx-if.org\/home\/wp-json\/wp\/v2\/users\/1"}],"replies":[{"embeddable":true,"href":"https:\/\/www.mbx-if.org\/home\/wp-json\/wp\/v2\/comments?post=1023"}],"version-history":[{"count":3,"href":"https:\/\/www.mbx-if.org\/home\/wp-json\/wp\/v2\/pages\/1023\/revisions"}],"predecessor-version":[{"id":1406,"href":"https:\/\/www.mbx-if.org\/home\/wp-json\/wp\/v2\/pages\/1023\/revisions\/1406"}],"up":[{"embeddable":true,"href":"https:\/\/www.mbx-if.org\/home\/wp-json\/wp\/v2\/pages\/1017"}],"wp:attachment":[{"href":"https:\/\/www.mbx-if.org\/home\/wp-json\/wp\/v2\/media?parent=1023"}],"curies":[{"name":"wp","href":"https:\/\/api.w.org\/{rel}","templated":true}]}}